25.
587
What is the remainder when 112302 is divided by 390?
372
What is the remainder when 2415 is divided by 243?
228
What is the remainder when 648547 is divided by 218?
215
Calculate the remainder when 3830517 is divided by 71.
67
What is the remainder when 303 is divided by 112?
79
Calculate the remainder when 1295 is divided by 11.
8
Calculate the remainder when 261871 is divided by 188.
175
What is the remainder when 6076 is divided by 148?
8
What is the remainder when 151045 is divided by 18878?
21
What is the remainder when 1803 is divided by 464?
411
What is the remainder when 2298 is divided by 221?
88
What is the remainder when 3561 is divided by 499?
68
Calculate the remainder when 2358 is divided by 65.
18
Calculate the remainder when 196586 is divided by 685.
676
Calculate the remainder when 20445 is divided by 23.
21
Calculate the remainder when 1536 is divided by 91.
80
Calculate the remainder when 18300 is divided by 3653.
35
Calculate the remainder when 13430 is divided by 347.
244
What is the remainder when 14027 is divided by 14?
13
What is the remainder when 40009 is divided by 40009?
0
Calculate the remainder when 341969 is divided by 428.
425
What is the remainder when 11477 is divided by 280?
277
What is the remainder when 57848 is divided by 5784?
8
What is the remainder when 9836 is divided by 1635?
26
What is the remainder when 23326 is divided by 324?
322
Calculate the remainder when 241317 is divided by 15.
12
Calculate the remainder when 3496 is divided by 1675.
146
What is the remainder when 15336 is divided by 565?
81
What is the remainder when 3380 is divided by 35?
20
What is the remainder when 19950 is divided by 797?
25
Calculate the remainder when 146393 is divided by 1031.
1022
What is the remainder when 95601 is divided by 1166?
1155
What is the remainder when 294783 is divided by 618?
615
Calculate the remainder when 292038 is divided by 392.
390
Calculate the remainder when 1433 is divided by 46.
7
Calculate the remainder when 1433233 is divided by 68.
65
Calculate the remainder when 7634 is divided by 350.
284
Calculate the remainder when 2361 is divided by 281.
113
What is the remainder when 6327 is divided by 149?
69
Calculate the remainder when 572037 is divided by 126.
123
Calculate the remainder when 8323 is divided by 101.
41
What is the remainder when 959241 is divided by 44?
41
Calculate the remainder when 6280295 is divided by 22.
21
Calculate the remainder when 368640 is divided by 402.
6
Calculate the remainder when 1652 is divided by 404.
36
Calculate the remainder when 227867 is divided by 1128.
11
What is the remainder when 17490 is divided by 2498?
4
Calculate the remainder when 139330 is divided by 3031.
2935
Calculate the remainder when 16222 is divided by 1622.
2
What is the remainder when 618 is divided by 374?
244
What is the remainder when 28592 is divided by 1587?
26
Calculate the remainder when 31154 is divided by 472.
2
What is the remainder when 4430 is divided by 78?
62
Calculate the remainder when 42886 is divided by 1191.
10
What is the remainder when 206981 is divided by 3508?
9
What is the remainder when 36555 is divided by 227?
8
What is the remainder when 1889 is divided by 929?
31
Calculate the remainder when 237573 is divided by 578.
15
Calculate the remainder when 2069 is divided by 406.
39
Calculate the remainder when 26318 is divided by 30.
8
Calculate the remainder when 11795 is divided by 37.
29
Calculate the remainder when 2384 is divided by 495.
404
What is the remainder when 11334 is divided by 2804?
118
What is the remainder when 557604 is divided by 28?
12
Calculate the remainder when 460 is divided by 294.
166
What is the remainder when 3153 is divided by 828?
669
Calculate the remainder when 66916 is divided by 20.
16
What is the remainder when 5364 is divided by 192?
180
What is the remainder when 715707 is divided by 28?
27
What is the remainder when 879517 is divided by 1806?
1801
Calculate the remainder when 2383 is divided by 95.
8
Calculate the remainder when 7495 is divided by 1233.
97
Calculate the remainder when 142377 is divided by 63.
60
Calculate the remainder when 46808 is divided by 622.
158
Calculate the remainder when 509 is divided by 80.
29
What is the remainder when 39816 is divided by 2653?
21
What is the remainder when 18093 is divided by 80?
13
Calculate the remainder when 2086 is divided by 16.
6
Calculate the remainder when 33744 is divided by 444.
0
Calculate the remainder when 44454 is divided by 448.
102
Calculate the remainder when 568590 is divided by 9.
6
Calculate the remainder when 53524 is divided by 3342.
52
What is the remainder when 8229 is divided by 96?
69
What is the remainder when 180489 is divided by 356?
353
Calculate the remainder when 1942837 is divided by 20.
17
What is the remainder when 6744 is divided by 160?
24
Calculate the remainder when 88856 is divided by 3863.
7
What is the remainder when 342161 is divided by 171080?
1
What is the remainder when 463329 is divided by 577?
575
Calculate the remainder when 300341 is divided by 1458.
1451
What is the remainder when 9699 is divided by 441?
438
What is the remainder when 54567 is divided by 15?
12
What is the remainder when 65908 is divided by 169?
167
Calculate the remainder when 1068010 is divided by 62.
60
Calculate the remainder when 24651 is divided by 3071.
83
Calculate the remainder when 21975 is divided by 10960.
55
What is the remainder when 97 is divided by 43?
11
What is the remainder when 1727 is divided by 425?
27
Calculate the remainder when 500605 is divided by 133.
126
Calculate the remainder when 31893 is divided by 163.
108
Calculate the remainder when 1905 is divided by 1895.
10
Calculate the remainder when 879371 is divided by 156.
155
Calculate the remainder when 12115 is divided by 12090.
25
Calculate the remainder when 1303 is divided by 591.
121
What is the remainder when 188848 is divided by 2421?
10
Calculate the remainder when 889 is divided by 280.
49
What is the remainder when 1725 is divided by 181?
96
What is the remainder when 109115 is divided by 7792?
27
Calculate the remainder when 1998466 is divided by 1291.
1289
What is the remainder when 804 is divided by 12?
0
Calculate the remainder when 676 is divided by 111.
10
Calculate the remainder when 1391 is divided by 536.
319
What is the remainder when 4075 is divided by 231?
148
Calculate the remainder when 78325 is divided by 229.
7
Calculate the remainder when 17259 is divided by 1231.
25
What is the remainder when 8158 is divided by 35?
3
What is the remainder when 2269087 is divided by 8?
7
Calculate the remainder when 38628 is divided by 22.
18
Calculate the remainder when 57430 is divided by 1914.
10
Calculate the remainder when 35983 is divided by 52.
51
What is the remainder when 1324 is divided by 21?
1
What is the remainder when 438 is divided by 11?
9
Calculate the remainder when 15861 is divided by 2349.
1767
What is the remainder when 1499 is divided by 56?
43
What is the remainder when 59677 is divided by 117?
7
What is the remainder when 6460 is divided by 382?
348
Calculate the remainder when 126842 is divided by 840.
2
Calculate the remainder when 15267 is divided by 140.
7
Calculate the remainder when 140494 is divided by 123.
28
Calculate the remainder when 165652 is divided by 41407.
24
Calculate the remainder when 13052 is divided by 4306.
134
What is the remainder when 1412 is divided by 627?
158
What is the remainder when 502326 is divided by 251153?
20
Calculate the remainder when 802 is divided by 264.
10
What is the remainder when 36102 is divided by 38?
2
Calculate the remainder when 143166 is divided by 35785.
26
What is the remainder when 126211 is divided by 9?
4
Calculate the remainder when 479884 is divided by 84.
76
What is the remainder when 6650 is divided by 514?
482
Calculate the remainder when 2519 is divided by 2501.
18
Calculate the remainder when 274 is divided by 106.
62
Calculate the remainder when 395406 is divided by 13.
11
Calculate the remainder when 16783 is divided by 1116.
43
What is the remainder when 30702 is divided by 7653?
90
What is the remainder when 10670 is divided by 41?
10
What is the remainder when 20135 is di